 38749
List the prime factors of 186427.
41, 4547
List the prime factors of 10417294.
2, 17, 67, 269
What are the prime factors of 3002935?
5, 13, 46199
List the prime factors of 3406785.
3, 5, 383, 593
List the prime factors of 805491.
3, 29833
List the prime factors of 50802.
2, 3, 8467
List the prime factors of 497704.
2, 62213
List the prime factors of 6357.
3, 13, 163
List the prime factors of 1687189.
7, 241027
What are the prime factors of 145832?
2, 18229
List the prime factors of 23261909.
11, 19, 111301
List the prime factors of 20823956.
2, 5205989
List the prime factors of 8207399.
8207399
List the prime factors of 1101275.
5, 7, 29, 31
What are the prime factors of 15976255?
5, 83, 137, 281
List the prime factors of 6583425.
3, 5, 61, 1439
What are the prime factors of 353998?
2, 263, 673
List the prime factors of 2742460.
2, 5, 7, 19, 1031
What are the prime factors of 2769959?
23, 83, 1451
List the prime factors of 13713491.
11, 29, 42989
List the prime factors of 289501.
23, 41, 307
List the prime factors of 1751426.
2, 29, 30197
What are the prime factors of 189560?
2, 5, 7, 677
What are the prime factors of 3105971?
11, 373, 757
What are the prime factors of 202599?
3, 22511
List the prime factors of 1227596.
2, 306899
List the prime factors of 2556987.
3, 17, 181, 277
What are the prime factors of 2760502?
2, 1380251
List the prime factors of 242647.
242647
What are the prime factors of 56605?
5, 11321
What are the prime factors of 2028673?
37, 54829
List the prime factors of 23582.
2, 13, 907
What are the prime factors of 16563?
3, 5521
What are the prime factors of 7973704?
2, 673, 1481
What are the prime factors of 86268?
2, 3, 7, 13, 79
List the prime factors of 10448.
2, 653
What are the prime factors of 15816211?
15816211
What are the prime factors of 4118504?
2, 13, 199
List the prime factors of 1403760.
2, 3, 5, 5849
What are the prime factors of 22251383?
7, 11, 288979
List the prime factors of 272316.
2, 3, 11, 2063
List the prime factors of 1313466.
2, 3, 7, 11, 2843
List the prime factors of 18720991.
3517, 5323
What are the prime factors of 7706626?
2, 3853313
List the prime factors of 280827.
3, 3467
List the prime factors of 746351.
17, 43, 1021
List the prime factors of 5344059.
3, 7, 31, 8209
List the prime factors of 7285601.
7285601
List the prime factors of 9196254.
2, 3, 56767
What are the prime factors of 1127305?
5, 225461
List the prime factors of 8542354.
2, 4271177
List the prime factors of 427247.
427247
List the prime factors of 496029.
3, 165343
List the prime factors of 8547018.
2, 3, 1424503
List the prime factors of 35593220.
2, 5, 13, 136897
What are the prime factors of 219928?
2, 37, 743
List the prime factors of 167921.
13, 12917
List the prime factors of 38560.
2, 5, 241
What are the prime factors of 262898?
2, 131449
What are the prime factors of 13555661?
7, 1936523
What are the prime factors of 56431?
56431
List the prime factors of 9630097.
9630097
List the prime factors of 533666.
2, 7, 38119
What are the prime factors of 328205?
5, 41, 1601
What are the prime factors of 4033498?
2, 7, 41, 7027
What are the prime factors of 264521?
83, 3187
What are the prime factors of 524787?
3, 174929
List the prime factors of 2368524.
2, 3, 31, 6367
List the prime factors of 153214.
2, 76607
What are the prime factors of 2041991?
7, 487, 599
List the prime factors of 43113.
3, 7, 2053
What are the prime factors of 241644?
2, 3, 13, 1549
What are the prime factors of 520604?
2, 7, 18593
What are the prime factors of 3817043?
19, 79, 2543
List the prime factors of 9550306.
2, 47, 101599
What are the prime factors of 286114?
2, 29, 4933
List the prime factors of 3905261.
1583, 2467
List the prime factors of 94462.
2, 73, 647
What are the prime factors of 6910514?
2, 13, 67, 3967
List the prime factors of 3605765.
5, 31, 43, 541
List the prime factors of 357857.
23, 15559
List the prime factors of 613016.
2, 19, 37, 109
What are the prime factors of 639388?
2, 19, 47, 179
List the prime factors of 13030164.
2, 3, 7, 29, 1783
List the prime factors of 675754.
2, 19, 17783
List the prime factors of 522254.
2, 261127
List the prime factors of 109034.
2, 54517
What are the prime factors of 199320?
2, 3, 5, 11, 151
What are the prime factors of 1621428?
2, 3, 135119
What are the prime factors of 601881?
3, 7, 28661
What are the prime factors of 1743429?
3, 581143
What are the prime factors of 29282832?
2, 3, 203353
What are the prime factors of 10828721?
107, 101203
List the prime factors of 719487.
3, 79943
What are the prime factors of 3135762?
2, 3, 7, 41, 607
What are the prime factors of 291455?
5, 71, 821
List the prime factors of 747563.
747563
List the prime factors of 19472325.
3, 5, 259631
What are the prime factors of 8990683?
13, 691591
What are the prime factors of 1678760?
2, 5, 41969
What are the prime factors of 4735288?
2, 433, 1367
List the prime factors of 95278.
2, 47639
What are the prime factors of 2185764?
2, 3, 7, 26021
List the prime factors of 11202220.
2, 5, 311, 1801
What are the prime factors of 2366487?
3, 29, 9067
List the prime factors of 963435.
3, 5, 11, 5839
List the prime factors of 413652.
2, 3, 34471
List the prime factors of 3813193.
23, 317, 523
List the prime factors of 355774.
2, 177887
What are the prime factors of 74332?
2, 18583
What are the prime factors of 2482269?
3, 827423
What are the prime factors of 4417310?
2, 5, 19, 67, 347
List the prime factors of 747160.
2, 5, 18679
List the prime factors of 5525466.
2, 3, 19, 2551
List the prime factors of 833556.
2, 3, 69463
List the prime factors of 24556123.
31, 37, 79, 271
List the prime factors of 425575.
5, 29, 587
List the prime factors of 29023478.
2, 11, 139, 9491
What are the prime factors of 2570347?
13, 163, 1213
What are the prime factors of 869641?
47, 18503
List the prime factors of 1740871.
11, 158261
What are the prime factors of 300735?
3, 5, 41, 163
What are the prime factors of 951602?
2, 23, 137, 151
List the prime factors of 3685092.
2, 3, 307091
What are the prime factors of 5848283?
7, 835469
What are the prime factors of 4576581?
3, 56501
What are the prime factors of 40056?
2, 3, 1669
What are the prime factors of 36451?
36451
What are the prime factors of 133749?
3, 7, 11, 193
List the prime factors of 61977.
3, 73, 283
What are the prime factors of 479366?
2, 17, 23, 613
What are the prime factors of 44527?
7, 6361
List the prime factors of 160118.
2, 7, 11437
List the prime factors of 309803.
13, 23831
What are the prime factors of 4956876?
2, 3, 15299
List the prime factors of 3868149.
3, 31, 41593
List the prime factors of 141262.
2, 11, 6421
List the prime factors of 3496144.
2, 218509
List the prime factors of 1646893.
1646893
List the prime factors of 1082815.
5, 17, 12739
What are the prime factors of 1777636?
2, 7, 63487
What are the prime factors of 2665151?
61, 43691
List the prime factors of 5148090.
2, 3, 5, 23, 829
What are the prime factors of 8789883?
3, 2929961
What are the prime factors of 7818382?
2, 11, 13, 27337
List the prime factors of 153191.
153191
List the prime factors of 915863.
13, 70451
What are the prime factors of 7894986?
2, 3, 11, 37, 53, 61
What are the prime factors of 640600?
2, 5, 3203
List the prime factors of 856118.
2, 71, 6029
List the prime factors of 1628844.
2, 3, 7, 19391
List the prime factors of 867924.
2, 3, 24109
List the prime factors of 11940100.
2, 5, 139, 859
What are the prime factors of 736838?
2, 71, 5189
List the prime factors of 162329.
271, 599
List the prime factors of 253397.
139, 1823
List the prime factors of 774047.
774047
List the prime factors of 9295330.
2, 5, 11, 84503
List the prime factors of 19624383.
3, 43, 16903
List the prime factors of 3400821.
3, 179, 2111
List the prime factors of 564548.
2, 113, 1249
List the prime factors of 1716180.
2, 3, 5, 28603
List the prime factors of 29389165.
5, 13, 347, 1303
List the prime factors of 1874666.
2, 59, 15887
What are the prime factors of 6043765?
5, 7, 13, 37, 359
List the prime factors of 1270614.
2, 3, 17, 12457
List the prime factors of 1393797.
3, 79, 5881
List the prime factors of 4410390.
2, 3, 5, 113, 1301
What are the prime factors of 13135222?
2, 37, 139, 1